{"id":42107,"date":"2024-09-26T14:30:44","date_gmt":"2024-09-26T14:30:44","guid":{"rendered":"https:\/\/www.telstarlatam.com\/contenido\/?post_type=product&#038;p=42107"},"modified":"2025-09-11T20:01:36","modified_gmt":"2025-09-11T20:01:36","slug":"freidora-de-aire-5-litros-tfa005114md","status":"publish","type":"product","link":"https:\/\/www.telstarlatam.com\/contenido\/producto\/freidora-de-aire-5-litros-tfa005114md\/","title":{"rendered":"Freidora de Aire 5 Litros TFA005114MD"},"content":{"rendered":"<p>\u00bb Capacidad: 5 Litros.<br \/>\n\u00bb Potencia de 1500W.<br \/>\n\u00bb Cesta para fre\u00edr.<br \/>\n\u00bb Temporizador de 60 minutos con apagado autom\u00e1tico.<br \/>\n\u00bb Temperatura ajustable hasta 200\u00b0C.<br \/>\n\u00bb Sistema de circulaci\u00f3n r\u00e1pida de aire caliente.<br \/>\n\u00bb Multifuncional fre\u00edr, asar, hornear y a la parrilla.<br \/>\n\u00bb Sin aceite m\u00e1s salud mismo sabor.<br \/>\n\u00bb Corriente 120V\/60Hz.<br \/>\n\u00bb 2 A\u00f1os de respaldo.<\/p>\n","protected":false},"excerpt":{"rendered":"<p>\u00bb Capacidad: 5 Litros. \u00bb Potencia de 1500W. \u00bb Cesta para fre\u00edr. \u00bb Temporizador de 60 minutos con apagado autom\u00e1tico. \u00bb Temperatura ajustable hasta 200\u00b0C. \u00bb Sistema de circulaci\u00f3n r\u00e1pida de aire caliente. \u00bb Multifuncional fre\u00edr, asar, hornear y a la parrilla. \u00bb Sin aceite m\u00e1s salud mismo sabor. \u00bb Corriente 120V\/60Hz. \u00bb 2 A\u00f1os&hellip;<\/p>\n","protected":false},"featured_media":42108,"comment_status":"open","ping_status":"closed","template":"","meta":[],"product_cat":[58,59],"product_tag":[],"class_list":["post-42107","product","type-product","status-publish","has-post-thumbnail","hentry","product_cat-electrodomesticos","product_cat-freidoras","description-off"],"yoast_head":"<!-- This site is optimized with the Yoast SEO plugin v19.3 - https:\/\/yoast.com\/wordpress\/plugins\/seo\/ -->\n<title>Freidora de Aire 5 Litros TFA005114MD - Telstar Latinoam\u00e9rica | Electrodom\u00e9sticos<\/title>\n<meta name=\"robots\" content=\"index, follow, max-snippet:-1, max-image-preview:large, max-video-preview:-1\" \/>\n<link rel=\"canonical\" href=\"https:\/\/www.telstarlatam.com\/contenido\/producto\/freidora-de-aire-5-litros-tfa005114md\/\" \/>\n<meta property=\"og:locale\" content=\"es_MX\" \/>\n<meta property=\"og:type\" content=\"article\" \/>\n<meta property=\"og:title\" content=\"Freidora de Aire 5 Litros TFA005114MD - Telstar Latinoam\u00e9rica | Electrodom\u00e9sticos\" \/>\n<meta property=\"og:description\" content=\"\u00bb Capacidad: 5 Litros. \u00bb Potencia de 1500W. \u00bb Cesta para fre\u00edr. \u00bb Temporizador de 60 minutos con apagado autom\u00e1tico. \u00bb Temperatura ajustable hasta 200\u00b0C. \u00bb Sistema de circulaci\u00f3n r\u00e1pida de aire caliente. \u00bb Multifuncional fre\u00edr, asar, hornear y a la parrilla. \u00bb Sin aceite m\u00e1s salud mismo sabor. \u00bb Corriente 120V\/60Hz. \u00bb 2 A\u00f1os&hellip;\" \/>\n<meta property=\"og:url\" content=\"https:\/\/www.telstarlatam.com\/contenido\/producto\/freidora-de-aire-5-litros-tfa005114md\/\" \/>\n<meta property=\"og:site_name\" content=\"Telstar Latinoam\u00e9rica | Electrodom\u00e9sticos\" \/>\n<meta property=\"article:publisher\" content=\"https:\/\/www.facebook.com\/people\/Telstar-Latam\/61552901544272\/\" \/>\n<meta property=\"article:modified_time\" content=\"2025-09-11T20:01:36+00:00\" \/>\n<meta property=\"og:image\" content=\"https:\/\/www.telstarlatam.com\/contenido\/wp-content\/uploads\/2024\/09\/freidora-de-aire-telstar-5-litros-tfa005114md-negro-190235-250924.png\" \/>\n\t<meta property=\"og:image:width\" content=\"1000\" \/>\n\t<meta property=\"og:image:height\" content=\"1000\" \/>\n\t<meta property=\"og:image:type\" content=\"image\/png\" \/>\n<meta name=\"twitter:card\" content=\"summary_large_image\" \/>\n<script type=\"application\/ld+json\" class=\"yoast-schema-graph\">{\"@context\":\"https:\/\/schema.org\",\"@graph\":[{\"@type\":\"Organization\",\"@id\":\"https:\/\/www.telstarlatam.com\/contenido\/#organization\",\"name\":\"Telstar\",\"url\":\"https:\/\/www.telstarlatam.com\/contenido\/\",\"sameAs\":[\"https:\/\/www.instagram.com\/telstar_la\/\",\"https:\/\/www.youtube.com\/channel\/UCrvcIUZvyNDXwe1tXCdZKwQ\",\"https:\/\/www.facebook.com\/people\/Telstar-Latam\/61552901544272\/\"],\"logo\":{\"@type\":\"ImageObject\",\"inLanguage\":\"es\",\"@id\":\"https:\/\/www.telstarlatam.com\/contenido\/#\/schema\/logo\/image\/\",\"url\":\"https:\/\/www.telstarlatam.com\/contenido\/wp-content\/uploads\/2021\/07\/logo-telstar.png\",\"contentUrl\":\"https:\/\/www.telstarlatam.com\/contenido\/wp-content\/uploads\/2021\/07\/logo-telstar.png\",\"width\":149,\"height\":55,\"caption\":\"Telstar\"},\"image\":{\"@id\":\"https:\/\/www.telstarlatam.com\/contenido\/#\/schema\/logo\/image\/\"}},{\"@type\":\"WebSite\",\"@id\":\"https:\/\/www.telstarlatam.com\/contenido\/#website\",\"url\":\"https:\/\/www.telstarlatam.com\/contenido\/\",\"name\":\"Telstar Latinoam\u00e9rica | Electrodom\u00e9sticos\",\"description\":\"Electrodom\u00e9sticos Telstar La calidad no cuesta m\u00e1s\",\"publisher\":{\"@id\":\"https:\/\/www.telstarlatam.com\/contenido\/#organization\"},\"potentialAction\":[{\"@type\":\"SearchAction\",\"target\":{\"@type\":\"EntryPoint\",\"urlTemplate\":\"https:\/\/www.telstarlatam.com\/contenido\/?s={search_term_string}\"},\"query-input\":\"required name=search_term_string\"}],\"inLanguage\":\"es\"},{\"@type\":\"ImageObject\",\"inLanguage\":\"es\",\"@id\":\"https:\/\/www.telstarlatam.com\/contenido\/producto\/freidora-de-aire-5-litros-tfa005114md\/#primaryimage\",\"url\":\"https:\/\/www.telstarlatam.com\/contenido\/wp-content\/uploads\/2024\/09\/freidora-de-aire-telstar-5-litros-tfa005114md-negro-190235-250924.png\",\"contentUrl\":\"https:\/\/www.telstarlatam.com\/contenido\/wp-content\/uploads\/2024\/09\/freidora-de-aire-telstar-5-litros-tfa005114md-negro-190235-250924.png\",\"width\":1000,\"height\":1000},{\"@type\":\"WebPage\",\"@id\":\"https:\/\/www.telstarlatam.com\/contenido\/producto\/freidora-de-aire-5-litros-tfa005114md\/\",\"url\":\"https:\/\/www.telstarlatam.com\/contenido\/producto\/freidora-de-aire-5-litros-tfa005114md\/\",\"name\":\"Freidora de Aire 5 Litros TFA005114MD - Telstar Latinoam\u00e9rica | Electrodom\u00e9sticos\",\"isPartOf\":{\"@id\":\"https:\/\/www.telstarlatam.com\/contenido\/#website\"},\"primaryImageOfPage\":{\"@id\":\"https:\/\/www.telstarlatam.com\/contenido\/producto\/freidora-de-aire-5-litros-tfa005114md\/#primaryimage\"},\"datePublished\":\"2024-09-26T14:30:44+00:00\",\"dateModified\":\"2025-09-11T20:01:36+00:00\",\"breadcrumb\":{\"@id\":\"https:\/\/www.telstarlatam.com\/contenido\/producto\/freidora-de-aire-5-litros-tfa005114md\/#breadcrumb\"},\"inLanguage\":\"es\",\"potentialAction\":[{\"@type\":\"ReadAction\",\"target\":[\"https:\/\/www.telstarlatam.com\/contenido\/producto\/freidora-de-aire-5-litros-tfa005114md\/\"]}]},{\"@type\":\"BreadcrumbList\",\"@id\":\"https:\/\/www.telstarlatam.com\/contenido\/producto\/freidora-de-aire-5-litros-tfa005114md\/#breadcrumb\",\"itemListElement\":[{\"@type\":\"ListItem\",\"position\":1,\"name\":\"Inicio\",\"item\":\"https:\/\/www.telstarlatam.com\/contenido\/\"},{\"@type\":\"ListItem\",\"position\":2,\"name\":\"Encontr\u00e1 los mejores productos aqu\u00ed\",\"item\":\"https:\/\/www.telstarlatam.com\/contenido\/shop\/\"},{\"@type\":\"ListItem\",\"position\":3,\"name\":\"Freidora de Aire 5 Litros TFA005114MD\"}]}]}<\/script>\n<!-- \/ Yoast SEO plugin. -->","yoast_head_json":{"title":"Freidora de Aire 5 Litros TFA005114MD - Telstar Latinoam\u00e9rica | Electrodom\u00e9sticos","robots":{"index":"index","follow":"follow","max-snippet":"max-snippet:-1","max-image-preview":"max-image-preview:large","max-video-preview":"max-video-preview:-1"},"canonical":"https:\/\/www.telstarlatam.com\/contenido\/producto\/freidora-de-aire-5-litros-tfa005114md\/","og_locale":"es_MX","og_type":"article","og_title":"Freidora de Aire 5 Litros TFA005114MD - Telstar Latinoam\u00e9rica | Electrodom\u00e9sticos","og_description":"\u00bb Capacidad: 5 Litros. \u00bb Potencia de 1500W. \u00bb Cesta para fre\u00edr. \u00bb Temporizador de 60 minutos con apagado autom\u00e1tico. \u00bb Temperatura ajustable hasta 200\u00b0C. \u00bb Sistema de circulaci\u00f3n r\u00e1pida de aire caliente. \u00bb Multifuncional fre\u00edr, asar, hornear y a la parrilla. \u00bb Sin aceite m\u00e1s salud mismo sabor. \u00bb Corriente 120V\/60Hz. \u00bb 2 A\u00f1os&hellip;","og_url":"https:\/\/www.telstarlatam.com\/contenido\/producto\/freidora-de-aire-5-litros-tfa005114md\/","og_site_name":"Telstar Latinoam\u00e9rica | Electrodom\u00e9sticos","article_publisher":"https:\/\/www.facebook.com\/people\/Telstar-Latam\/61552901544272\/","article_modified_time":"2025-09-11T20:01:36+00:00","og_image":[{"width":1000,"height":1000,"url":"https:\/\/www.telstarlatam.com\/contenido\/wp-content\/uploads\/2024\/09\/freidora-de-aire-telstar-5-litros-tfa005114md-negro-190235-250924.png","type":"image\/png"}],"twitter_card":"summary_large_image","schema":{"@context":"https:\/\/schema.org","@graph":[{"@type":"Organization","@id":"https:\/\/www.telstarlatam.com\/contenido\/#organization","name":"Telstar","url":"https:\/\/www.telstarlatam.com\/contenido\/","sameAs":["https:\/\/www.instagram.com\/telstar_la\/","https:\/\/www.youtube.com\/channel\/UCrvcIUZvyNDXwe1tXCdZKwQ","https:\/\/www.facebook.com\/people\/Telstar-Latam\/61552901544272\/"],"logo":{"@type":"ImageObject","inLanguage":"es","@id":"https:\/\/www.telstarlatam.com\/contenido\/#\/schema\/logo\/image\/","url":"https:\/\/www.telstarlatam.com\/contenido\/wp-content\/uploads\/2021\/07\/logo-telstar.png","contentUrl":"https:\/\/www.telstarlatam.com\/contenido\/wp-content\/uploads\/2021\/07\/logo-telstar.png","width":149,"height":55,"caption":"Telstar"},"image":{"@id":"https:\/\/www.telstarlatam.com\/contenido\/#\/schema\/logo\/image\/"}},{"@type":"WebSite","@id":"https:\/\/www.telstarlatam.com\/contenido\/#website","url":"https:\/\/www.telstarlatam.com\/contenido\/","name":"Telstar Latinoam\u00e9rica | Electrodom\u00e9sticos","description":"Electrodom\u00e9sticos Telstar La calidad no cuesta m\u00e1s","publisher":{"@id":"https:\/\/www.telstarlatam.com\/contenido\/#organization"},"potentialAction":[{"@type":"SearchAction","target":{"@type":"EntryPoint","urlTemplate":"https:\/\/www.telstarlatam.com\/contenido\/?s={search_term_string}"},"query-input":"required name=search_term_string"}],"inLanguage":"es"},{"@type":"ImageObject","inLanguage":"es","@id":"https:\/\/www.telstarlatam.com\/contenido\/producto\/freidora-de-aire-5-litros-tfa005114md\/#primaryimage","url":"https:\/\/www.telstarlatam.com\/contenido\/wp-content\/uploads\/2024\/09\/freidora-de-aire-telstar-5-litros-tfa005114md-negro-190235-250924.png","contentUrl":"https:\/\/www.telstarlatam.com\/contenido\/wp-content\/uploads\/2024\/09\/freidora-de-aire-telstar-5-litros-tfa005114md-negro-190235-250924.png","width":1000,"height":1000},{"@type":"WebPage","@id":"https:\/\/www.telstarlatam.com\/contenido\/producto\/freidora-de-aire-5-litros-tfa005114md\/","url":"https:\/\/www.telstarlatam.com\/contenido\/producto\/freidora-de-aire-5-litros-tfa005114md\/","name":"Freidora de Aire 5 Litros TFA005114MD - Telstar Latinoam\u00e9rica | Electrodom\u00e9sticos","isPartOf":{"@id":"https:\/\/www.telstarlatam.com\/contenido\/#website"},"primaryImageOfPage":{"@id":"https:\/\/www.telstarlatam.com\/contenido\/producto\/freidora-de-aire-5-litros-tfa005114md\/#primaryimage"},"datePublished":"2024-09-26T14:30:44+00:00","dateModified":"2025-09-11T20:01:36+00:00","breadcrumb":{"@id":"https:\/\/www.telstarlatam.com\/contenido\/producto\/freidora-de-aire-5-litros-tfa005114md\/#breadcrumb"},"inLanguage":"es","potentialAction":[{"@type":"ReadAction","target":["https:\/\/www.telstarlatam.com\/contenido\/producto\/freidora-de-aire-5-litros-tfa005114md\/"]}]},{"@type":"BreadcrumbList","@id":"https:\/\/www.telstarlatam.com\/contenido\/producto\/freidora-de-aire-5-litros-tfa005114md\/#breadcrumb","itemListElement":[{"@type":"ListItem","position":1,"name":"Inicio","item":"https:\/\/www.telstarlatam.com\/contenido\/"},{"@type":"ListItem","position":2,"name":"Encontr\u00e1 los mejores productos aqu\u00ed","item":"https:\/\/www.telstarlatam.com\/contenido\/shop\/"},{"@type":"ListItem","position":3,"name":"Freidora de Aire 5 Litros TFA005114MD"}]}]}},"_links":{"self":[{"href":"https:\/\/www.telstarlatam.com\/contenido\/wp-json\/wp\/v2\/product\/42107","targetHints":{"allow":["GET"]}}],"collection":[{"href":"https:\/\/www.telstarlatam.com\/contenido\/wp-json\/wp\/v2\/product"}],"about":[{"href":"https:\/\/www.telstarlatam.com\/contenido\/wp-json\/wp\/v2\/types\/product"}],"replies":[{"embeddable":true,"href":"https:\/\/www.telstarlatam.com\/contenido\/wp-json\/wp\/v2\/comments?post=42107"}],"wp:featuredmedia":[{"embeddable":true,"href":"https:\/\/www.telstarlatam.com\/contenido\/wp-json\/wp\/v2\/media\/42108"}],"wp:attachment":[{"href":"https:\/\/www.telstarlatam.com\/contenido\/wp-json\/wp\/v2\/media?parent=42107"}],"wp:term":[{"taxonomy":"product_cat","embeddable":true,"href":"https:\/\/www.telstarlatam.com\/contenido\/wp-json\/wp\/v2\/product_cat?post=42107"},{"taxonomy":"product_tag","embeddable":true,"href":"https:\/\/www.telstarlatam.com\/contenido\/wp-json\/wp\/v2\/product_tag?post=42107"}],"curies":[{"name":"wp","href":"https:\/\/api.w.org\/{rel}","templated":true}]}}