{"id":16220,"date":"2022-11-29T14:36:17","date_gmt":"2022-11-29T14:36:17","guid":{"rendered":"https:\/\/www.telstarlatam.com\/contenido\/?post_type=product&#038;p=16220"},"modified":"2025-09-11T20:10:21","modified_gmt":"2025-09-11T20:10:21","slug":"olla-arrocera-8-tazas-tar015230nr","status":"publish","type":"product","link":"https:\/\/www.telstarlatam.com\/contenido\/producto\/olla-arrocera-8-tazas-tar015230nr\/","title":{"rendered":"Olla Arrocera 8 Tazas TAR015230NR"},"content":{"rendered":"<p>\u00bb Capacidad: 8 Tazas crudas (16 cocidas).<br \/>\n\u00bb Alta resistencia, con tapa de vidrio temperado.<br \/>\n\u00bb Olla removible interna de aluminio.<br \/>\n\u00bb Indicador de cocimiento.<br \/>\n\u00bb Apagado autom\u00e1tico.<br \/>\n\u00bb Tapa con salida de vapor.<br \/>\n\u00bb Potencia: 500W.<br \/>\n\u00bb Voltaje: 110V\/60Hz.<br \/>\n\u00bb Garant\u00eda: 1 a\u00f1o.<\/p>\n","protected":false},"excerpt":{"rendered":"<p>\u00bb Capacidad: 8 Tazas crudas (16 cocidas). \u00bb Alta resistencia, con tapa de vidrio temperado. \u00bb Olla removible interna de aluminio. \u00bb Indicador de cocimiento. \u00bb Apagado autom\u00e1tico. \u00bb Tapa con salida de vapor. \u00bb Potencia: 500W. \u00bb Voltaje: 110V\/60Hz. \u00bb Garant\u00eda: 1 a\u00f1o.<\/p>\n","protected":false},"featured_media":16221,"comment_status":"open","ping_status":"closed","template":"","meta":[],"product_cat":[58,64],"product_tag":[],"class_list":["post-16220","product","type-product","status-publish","has-post-thumbnail","hentry","product_cat-electrodomesticos","product_cat-ollas-arroceras","description-off"],"yoast_head":"<!-- This site is optimized with the Yoast SEO plugin v19.3 - https:\/\/yoast.com\/wordpress\/plugins\/seo\/ -->\n<title>Olla Arrocera 8 Tazas TAR015230NR - Telstar Latinoam\u00e9rica | Electrodom\u00e9sticos<\/title>\n<meta name=\"robots\" content=\"index, follow, max-snippet:-1, max-image-preview:large, max-video-preview:-1\" \/>\n<link rel=\"canonical\" href=\"https:\/\/www.telstarlatam.com\/contenido\/producto\/olla-arrocera-8-tazas-tar015230nr\/\" \/>\n<meta property=\"og:locale\" content=\"es_MX\" \/>\n<meta property=\"og:type\" content=\"article\" \/>\n<meta property=\"og:title\" content=\"Olla Arrocera 8 Tazas TAR015230NR - Telstar Latinoam\u00e9rica | Electrodom\u00e9sticos\" \/>\n<meta property=\"og:description\" content=\"\u00bb Capacidad: 8 Tazas crudas (16 cocidas). \u00bb Alta resistencia, con tapa de vidrio temperado. \u00bb Olla removible interna de aluminio. \u00bb Indicador de cocimiento. \u00bb Apagado autom\u00e1tico. \u00bb Tapa con salida de vapor. \u00bb Potencia: 500W. \u00bb Voltaje: 110V\/60Hz. \u00bb Garant\u00eda: 1 a\u00f1o.\" \/>\n<meta property=\"og:url\" content=\"https:\/\/www.telstarlatam.com\/contenido\/producto\/olla-arrocera-8-tazas-tar015230nr\/\" \/>\n<meta property=\"og:site_name\" content=\"Telstar Latinoam\u00e9rica | Electrodom\u00e9sticos\" \/>\n<meta property=\"article:publisher\" content=\"https:\/\/www.facebook.com\/people\/Telstar-Latam\/61552901544272\/\" \/>\n<meta property=\"article:modified_time\" content=\"2025-09-11T20:10:21+00:00\" \/>\n<meta property=\"og:image\" content=\"https:\/\/www.telstarlatam.com\/contenido\/wp-content\/uploads\/2022\/11\/olla-arrocera-telstar-8-tazas-tar015230nr-negro-177259-1-frontal.jpg\" \/>\n\t<meta property=\"og:image:width\" content=\"1200\" \/>\n\t<meta property=\"og:image:height\" content=\"1200\" \/>\n\t<meta property=\"og:image:type\" content=\"image\/jpeg\" \/>\n<meta name=\"twitter:card\" content=\"summary_large_image\" \/>\n<script type=\"application\/ld+json\" class=\"yoast-schema-graph\">{\"@context\":\"https:\/\/schema.org\",\"@graph\":[{\"@type\":\"Organization\",\"@id\":\"https:\/\/www.telstarlatam.com\/contenido\/#organization\",\"name\":\"Telstar\",\"url\":\"https:\/\/www.telstarlatam.com\/contenido\/\",\"sameAs\":[\"https:\/\/www.instagram.com\/telstar_la\/\",\"https:\/\/www.youtube.com\/channel\/UCrvcIUZvyNDXwe1tXCdZKwQ\",\"https:\/\/www.facebook.com\/people\/Telstar-Latam\/61552901544272\/\"],\"logo\":{\"@type\":\"ImageObject\",\"inLanguage\":\"es\",\"@id\":\"https:\/\/www.telstarlatam.com\/contenido\/#\/schema\/logo\/image\/\",\"url\":\"https:\/\/www.telstarlatam.com\/contenido\/wp-content\/uploads\/2021\/07\/logo-telstar.png\",\"contentUrl\":\"https:\/\/www.telstarlatam.com\/contenido\/wp-content\/uploads\/2021\/07\/logo-telstar.png\",\"width\":149,\"height\":55,\"caption\":\"Telstar\"},\"image\":{\"@id\":\"https:\/\/www.telstarlatam.com\/contenido\/#\/schema\/logo\/image\/\"}},{\"@type\":\"WebSite\",\"@id\":\"https:\/\/www.telstarlatam.com\/contenido\/#website\",\"url\":\"https:\/\/www.telstarlatam.com\/contenido\/\",\"name\":\"Telstar Latinoam\u00e9rica | Electrodom\u00e9sticos\",\"description\":\"Electrodom\u00e9sticos Telstar La calidad no cuesta m\u00e1s\",\"publisher\":{\"@id\":\"https:\/\/www.telstarlatam.com\/contenido\/#organization\"},\"potentialAction\":[{\"@type\":\"SearchAction\",\"target\":{\"@type\":\"EntryPoint\",\"urlTemplate\":\"https:\/\/www.telstarlatam.com\/contenido\/?s={search_term_string}\"},\"query-input\":\"required name=search_term_string\"}],\"inLanguage\":\"es\"},{\"@type\":\"ImageObject\",\"inLanguage\":\"es\",\"@id\":\"https:\/\/www.telstarlatam.com\/contenido\/producto\/olla-arrocera-8-tazas-tar015230nr\/#primaryimage\",\"url\":\"https:\/\/www.telstarlatam.com\/contenido\/wp-content\/uploads\/2022\/11\/olla-arrocera-telstar-8-tazas-tar015230nr-negro-177259-1-frontal.jpg\",\"contentUrl\":\"https:\/\/www.telstarlatam.com\/contenido\/wp-content\/uploads\/2022\/11\/olla-arrocera-telstar-8-tazas-tar015230nr-negro-177259-1-frontal.jpg\",\"width\":1200,\"height\":1200},{\"@type\":\"WebPage\",\"@id\":\"https:\/\/www.telstarlatam.com\/contenido\/producto\/olla-arrocera-8-tazas-tar015230nr\/\",\"url\":\"https:\/\/www.telstarlatam.com\/contenido\/producto\/olla-arrocera-8-tazas-tar015230nr\/\",\"name\":\"Olla Arrocera 8 Tazas TAR015230NR - Telstar Latinoam\u00e9rica | Electrodom\u00e9sticos\",\"isPartOf\":{\"@id\":\"https:\/\/www.telstarlatam.com\/contenido\/#website\"},\"primaryImageOfPage\":{\"@id\":\"https:\/\/www.telstarlatam.com\/contenido\/producto\/olla-arrocera-8-tazas-tar015230nr\/#primaryimage\"},\"datePublished\":\"2022-11-29T14:36:17+00:00\",\"dateModified\":\"2025-09-11T20:10:21+00:00\",\"breadcrumb\":{\"@id\":\"https:\/\/www.telstarlatam.com\/contenido\/producto\/olla-arrocera-8-tazas-tar015230nr\/#breadcrumb\"},\"inLanguage\":\"es\",\"potentialAction\":[{\"@type\":\"ReadAction\",\"target\":[\"https:\/\/www.telstarlatam.com\/contenido\/producto\/olla-arrocera-8-tazas-tar015230nr\/\"]}]},{\"@type\":\"BreadcrumbList\",\"@id\":\"https:\/\/www.telstarlatam.com\/contenido\/producto\/olla-arrocera-8-tazas-tar015230nr\/#breadcrumb\",\"itemListElement\":[{\"@type\":\"ListItem\",\"position\":1,\"name\":\"Inicio\",\"item\":\"https:\/\/www.telstarlatam.com\/contenido\/\"},{\"@type\":\"ListItem\",\"position\":2,\"name\":\"Encontr\u00e1 los mejores productos aqu\u00ed\",\"item\":\"https:\/\/www.telstarlatam.com\/contenido\/shop\/\"},{\"@type\":\"ListItem\",\"position\":3,\"name\":\"Olla Arrocera 8 Tazas TAR015230NR\"}]}]}<\/script>\n<!-- \/ Yoast SEO plugin. -->","yoast_head_json":{"title":"Olla Arrocera 8 Tazas TAR015230NR - Telstar Latinoam\u00e9rica | Electrodom\u00e9sticos","robots":{"index":"index","follow":"follow","max-snippet":"max-snippet:-1","max-image-preview":"max-image-preview:large","max-video-preview":"max-video-preview:-1"},"canonical":"https:\/\/www.telstarlatam.com\/contenido\/producto\/olla-arrocera-8-tazas-tar015230nr\/","og_locale":"es_MX","og_type":"article","og_title":"Olla Arrocera 8 Tazas TAR015230NR - Telstar Latinoam\u00e9rica | Electrodom\u00e9sticos","og_description":"\u00bb Capacidad: 8 Tazas crudas (16 cocidas). \u00bb Alta resistencia, con tapa de vidrio temperado. \u00bb Olla removible interna de aluminio. \u00bb Indicador de cocimiento. \u00bb Apagado autom\u00e1tico. \u00bb Tapa con salida de vapor. \u00bb Potencia: 500W. \u00bb Voltaje: 110V\/60Hz. \u00bb Garant\u00eda: 1 a\u00f1o.","og_url":"https:\/\/www.telstarlatam.com\/contenido\/producto\/olla-arrocera-8-tazas-tar015230nr\/","og_site_name":"Telstar Latinoam\u00e9rica | Electrodom\u00e9sticos","article_publisher":"https:\/\/www.facebook.com\/people\/Telstar-Latam\/61552901544272\/","article_modified_time":"2025-09-11T20:10:21+00:00","og_image":[{"width":1200,"height":1200,"url":"https:\/\/www.telstarlatam.com\/contenido\/wp-content\/uploads\/2022\/11\/olla-arrocera-telstar-8-tazas-tar015230nr-negro-177259-1-frontal.jpg","type":"image\/jpeg"}],"twitter_card":"summary_large_image","schema":{"@context":"https:\/\/schema.org","@graph":[{"@type":"Organization","@id":"https:\/\/www.telstarlatam.com\/contenido\/#organization","name":"Telstar","url":"https:\/\/www.telstarlatam.com\/contenido\/","sameAs":["https:\/\/www.instagram.com\/telstar_la\/","https:\/\/www.youtube.com\/channel\/UCrvcIUZvyNDXwe1tXCdZKwQ","https:\/\/www.facebook.com\/people\/Telstar-Latam\/61552901544272\/"],"logo":{"@type":"ImageObject","inLanguage":"es","@id":"https:\/\/www.telstarlatam.com\/contenido\/#\/schema\/logo\/image\/","url":"https:\/\/www.telstarlatam.com\/contenido\/wp-content\/uploads\/2021\/07\/logo-telstar.png","contentUrl":"https:\/\/www.telstarlatam.com\/contenido\/wp-content\/uploads\/2021\/07\/logo-telstar.png","width":149,"height":55,"caption":"Telstar"},"image":{"@id":"https:\/\/www.telstarlatam.com\/contenido\/#\/schema\/logo\/image\/"}},{"@type":"WebSite","@id":"https:\/\/www.telstarlatam.com\/contenido\/#website","url":"https:\/\/www.telstarlatam.com\/contenido\/","name":"Telstar Latinoam\u00e9rica | Electrodom\u00e9sticos","description":"Electrodom\u00e9sticos Telstar La calidad no cuesta m\u00e1s","publisher":{"@id":"https:\/\/www.telstarlatam.com\/contenido\/#organization"},"potentialAction":[{"@type":"SearchAction","target":{"@type":"EntryPoint","urlTemplate":"https:\/\/www.telstarlatam.com\/contenido\/?s={search_term_string}"},"query-input":"required name=search_term_string"}],"inLanguage":"es"},{"@type":"ImageObject","inLanguage":"es","@id":"https:\/\/www.telstarlatam.com\/contenido\/producto\/olla-arrocera-8-tazas-tar015230nr\/#primaryimage","url":"https:\/\/www.telstarlatam.com\/contenido\/wp-content\/uploads\/2022\/11\/olla-arrocera-telstar-8-tazas-tar015230nr-negro-177259-1-frontal.jpg","contentUrl":"https:\/\/www.telstarlatam.com\/contenido\/wp-content\/uploads\/2022\/11\/olla-arrocera-telstar-8-tazas-tar015230nr-negro-177259-1-frontal.jpg","width":1200,"height":1200},{"@type":"WebPage","@id":"https:\/\/www.telstarlatam.com\/contenido\/producto\/olla-arrocera-8-tazas-tar015230nr\/","url":"https:\/\/www.telstarlatam.com\/contenido\/producto\/olla-arrocera-8-tazas-tar015230nr\/","name":"Olla Arrocera 8 Tazas TAR015230NR - Telstar Latinoam\u00e9rica | Electrodom\u00e9sticos","isPartOf":{"@id":"https:\/\/www.telstarlatam.com\/contenido\/#website"},"primaryImageOfPage":{"@id":"https:\/\/www.telstarlatam.com\/contenido\/producto\/olla-arrocera-8-tazas-tar015230nr\/#primaryimage"},"datePublished":"2022-11-29T14:36:17+00:00","dateModified":"2025-09-11T20:10:21+00:00","breadcrumb":{"@id":"https:\/\/www.telstarlatam.com\/contenido\/producto\/olla-arrocera-8-tazas-tar015230nr\/#breadcrumb"},"inLanguage":"es","potentialAction":[{"@type":"ReadAction","target":["https:\/\/www.telstarlatam.com\/contenido\/producto\/olla-arrocera-8-tazas-tar015230nr\/"]}]},{"@type":"BreadcrumbList","@id":"https:\/\/www.telstarlatam.com\/contenido\/producto\/olla-arrocera-8-tazas-tar015230nr\/#breadcrumb","itemListElement":[{"@type":"ListItem","position":1,"name":"Inicio","item":"https:\/\/www.telstarlatam.com\/contenido\/"},{"@type":"ListItem","position":2,"name":"Encontr\u00e1 los mejores productos aqu\u00ed","item":"https:\/\/www.telstarlatam.com\/contenido\/shop\/"},{"@type":"ListItem","position":3,"name":"Olla Arrocera 8 Tazas TAR015230NR"}]}]}},"_links":{"self":[{"href":"https:\/\/www.telstarlatam.com\/contenido\/wp-json\/wp\/v2\/product\/16220","targetHints":{"allow":["GET"]}}],"collection":[{"href":"https:\/\/www.telstarlatam.com\/contenido\/wp-json\/wp\/v2\/product"}],"about":[{"href":"https:\/\/www.telstarlatam.com\/contenido\/wp-json\/wp\/v2\/types\/product"}],"replies":[{"embeddable":true,"href":"https:\/\/www.telstarlatam.com\/contenido\/wp-json\/wp\/v2\/comments?post=16220"}],"wp:featuredmedia":[{"embeddable":true,"href":"https:\/\/www.telstarlatam.com\/contenido\/wp-json\/wp\/v2\/media\/16221"}],"wp:attachment":[{"href":"https:\/\/www.telstarlatam.com\/contenido\/wp-json\/wp\/v2\/media?parent=16220"}],"wp:term":[{"taxonomy":"product_cat","embeddable":true,"href":"https:\/\/www.telstarlatam.com\/contenido\/wp-json\/wp\/v2\/product_cat?post=16220"},{"taxonomy":"product_tag","embeddable":true,"href":"https:\/\/www.telstarlatam.com\/contenido\/wp-json\/wp\/v2\/product_tag?post=16220"}],"curies":[{"name":"wp","href":"https:\/\/api.w.org\/{rel}","templated":true}]}}